 - 3*n - 30. Calculate s(-5).
485
Let o(v) = -30*v + 4772. Give o(128).
932
Let p(d) = -39009*d - 155802. What is p(-4)?
234
Let z(r) = -8*r**2 - 129*r + 139. Determine z(-24).
-1373
Let l(o) = -o**3 - 102*o**2 - 288*o + 1043. Give l(-99).
152
Let o(m) = -3920*m + 98210. Calculate o(25).
210
Let d(l) = -51*l**2 - 488*l + 450. Give d(-10).
230
Let g(u) = 59500*u - 11602486. What is g(195)?
14
Let r(w) = -1438*w - 54634. Give r(-38).
10
Let t(m) = 2*m**2 - 34*m - 24118. Calculate t(-103).
602
Let w(o) = 205*o - 2170. What is w(7)?
-735
Let h(k) = -39*k + 2703. Calculate h(56).
519
Let j(g) = -382*g + 19459. Give j(51).
-23
Let p(t) = t**2 - 784*t - 63458. What is p(-74)?
34
Let j(s) = -2*s**2 + 188*s - 1078. Calculate j(88).
-22
Let v(u) = 5*u**3 + 80*u**2 + 207*u + 30. Determine v(-5).
370
Let o(d) = 2*d**3 + 5621*d**2 - 67742*d + 27. Determine o(12).
3
Let w(c) = 3*c**2 - 97*c - 2604. Give w(-19).
322
Let y(v) = 208*v**3 + 1054*v**2 + 60*v - 17. Determine y(-5).
33
Let a(z) = 223*z + 11953. Determine a(-52).
357
Let l(m) = -1231*m - 156216. Determine l(-127).
121
Let g(l) = -111199*l - 7450338. Give g(-67).
-5
Let u(j) = j**2 - 245337*j + 8. Give u(0).
8
Let p(g) = -48*g**2 + 1384*g - 9963. Determine p(15).
-3
Let y(s) = -735*s**2 - 31607*s - 81. Give y(-43).
5
Let m(h) = 4*h**3 + 65*h**2 + 30*h. Determine m(-8).
1872
Let x(l) = -7056*l - 21088. Calculate x(-3).
80
Let k(q) = 17*q**2 + 98*q - 1809. Determine k(-14).
151
Let y(h) = 1592429*h - 17516718. Determine y(11).
1
Let c(h) = 3*h**2 - 37*h - 2716. What is c(37)?
22
Let l(m) = -m**2 + 2843*m - 36793. What is l(13)?
-3
Let o(x) = 343*x**2 + 571*x - 1732. Determine o(3).
3068
Let x(m) = m**3 + 63*m**2 + 630*m + 962. What is x(-51)?
44
Let f(p) = 7*p**3 - 191*p**2 + 80*p - 80. Determine f(27).
622
Let j(q) = q**3 + 11*q**2 - 3454*q - 17484. Give j(-5).
-64
Let q(v) = -2*v**3 + 33*v**2 - 74*v + 1079. Give q(16).
151
Let s(t) = 2*t**2 - 82*t - 17018. Determine s(115).
2
Let z(x) = x**3 - 6*x**2 - 2080*x + 3065. Calculate z(48).
-7
Let z(x) = -2*x**3 + 270*x**2 - 7693*x + 1038565. Determine z(135).
10
Let b(j) = -50*j**3 - 208*j**2 - 19*j - 23. What is b(-5)?
1122
Let l(s) = 485*s - 12241. What is l(28)?
1339
Let a(p) = 835*p - 1508. What is a(4)?
1832
Let s(f) = 578945*f + 1736760. What is s(-3)?
-75
Let h(j) = 2*j**3 - 38*j**2 - 52*j + 118. Calculate h(21).
790
Let z(b) = -6*b**3 + 5*b**2 + 15*b + 229. What is z(-5)?
1029
Let u(k) = -k**2 + 20933*k - 313764. What is u(15)?
6
Let o(j) = -2*j**2 + 16462*j + 49392. Determine o(-3).
-12
Let r(m) = 2*m**3 - 14*m**2 + 375*m - 5901. Give r(15).
3324
Let a(k) = -750*k - 15156. Give a(-20).
-156
Let n(b) = -1176*b + 164639. What is n(140)?
-1
Let s(b) = 8*b**2 + 11280*b + 145299. Determine s(-13).
11
Let u(d) = -6*d**3 + 20*d**2 - 3736*d + 11025. Give u(3).
-165
Let l(s) = -58035*s + 638208. Determine l(11).
-177
Let m(a) = -a**3 + 261*a**2 - 769*a - 1046. What is m(4)?
-10
Let d(c) = -3*c**2 + 373*c + 12726. Determine d(152).
110
Let u(y) = 3*y**3 - 126*y**2 - 28073*y - 840. Determine u(120).
0
Let x(f) = f**3 + 82*f**2 - 278*f - 2006. What is x(-85)?
-51
Let x(n) = 3023*n - 108798. Calculate x(36).
30
Let m(o) = 41138*o + 329079. Give m(-8).
-25
Let n(d) = d**3 - 41*d**2 - 174*d + 1656. What is n(44)?
-192
Let i(p) = 3*p**3 - 16*p**2 + 111*p - 788. What is i(6)?
-50
Let p(s) = 3*s**3 + 97*s**2 + 285*s + 54. Give p(-3).
-9
Let a(h) = 34730*h + 659859. Give a(-19).
-11
Let k(r) = -2659*r - 14729. Give k(-6).
1225
Let d(t) = -17*t**2 + 214*t - 485. Calculate d(3).
4
Let c(g) = 1311*g + 17094. Calculate c(-13).
51
Let d(o) = 120*o**2 + 1675*o - 57. Give d(-14).
13
Let k(r) = 15*r**2 + 1172*r - 6147. Give k(-83).
-88
Let o(h) = -9*h**2 - 952*h - 11553. Calculate o(-14).
11
Let k(h) = -5*h**3 - 23*h**2 + 68*h + 233. What is k(-6)?
77
Let u(c) = 23736*c**2 - 47474*c + 2. Determine u(2).
-2
Let v(k) = k**2 - 13*k - 3517. What is v(65)?
-137
Let j(t) = -t**2 - 12748*t - 206. Determine j(0).
-206
Let c(n) = 925*n - 14814. Calculate c(16).
-14
Let n(o) = 7211*o + 202671. Calculate n(-28).
763
Let d(u) = -176*u - 835. Determine d(3).
-1363
Let x(p) = 5*p**2 - 996*p - 775. What is x(200)?
25
Let y(q) = 455*q + 91702. Calculate y(-203).
-663
Let z(v) = 127*v + 10422. Give z(-77).
643
Let i(b) = -b**2 - 34*b - 319. Determine i(-18).
-31
Let w(g) = g**3 - 1520*g**2 - 44926*g - 41. Determine w(-29).
104
Let k(o) = 11*o**3 + 38*o**2 + 17*o + 103. What is k(-5)?
-407
Let a(x) = x**3 - 20*x**2 - 163*x - 245. Calculate a(-2).
-7
Let j(s) = -31*s**2 - 3684*s + 642. Calculate j(-119).
47
Let a(o) = o**3 + 535*o**2 + 3687*o - 53. What is a(-7)?
10
Let o(q) = 3147*q + 638849. Determine o(-203).
8
Let x(j) = -20*j**3 + 205*j**2 - 11*j - 3. What is x(9)?
1923
Let u(i) = -16*i**2 + 2268*i - 3926. Calculate u(140).
-6
Let i(f) = -f**3 - 117*f**2 + 264*f + 2618. Calculate i(-119).
-476
Let o(y) = y**2 - 217*y - 196990. Determine o(-349).
544
Let r(l) = 9*l**2 + 7029*l - 144181. What is r(-801)?
-1
Let k(f) = 26*f**2 + 257*f - 395. Calculate k(-11).
-76
Let h(j) = -894*j + 65139. Determine h(73).
-123
Let p(n) = 2*n**3 - 911*n**2 - 436*n + 405409. What is p(455)?
4
Let o(n) = -3195*n - 44306. What is o(-14)?
424
Let p(k) = -527*k - 94643. Determine p(-177).
-1364
Let v(x) = -3*x**3 - 2064*x**2 - 2196*x - 92743. Calculate v(-687).
2
Let s(y) = 464*y + 28715. Give s(-62).
-53
Let j(u) = u**3 - 767*u**2 + 12749*u - 24. Calculate j(17).
-41
Let j(p) = 26*p**3 - 7149*p**2 - 272*p - 902. Calculate j(275).
-77
Let s(g) = g**3 - 8*g**2 + 6575*g - 52567. What is s(8)?
33
Let d(z) = -z**3 + 916*z**2 + 4590*z - 38. Determine d(-5).
37
Let y(j) = 3*j**2 + 1308*j + 10275. What is y(-8)?
3
Let a(x) = 3466*x - 166964. Calculate a(48).
-596
Let v(y) = -y**3 + 60*y**2 + 29571*y - 576656. Determine v(19).
-6
Let d(p) = -1046*p + 409. Give d(0).
409
Let d(j) = -10*j**2 - 91*j - 62. Calculate d(-8).
26
Let a(o) = -2*o**2 + 499466*o + 1498417. Determine a(-3).
1
Let c(f) = -3*f**2 + 347*f + 1000. Give c(104).
4640
Let b(f) = 663*f - 73003. Determine b(110).
-73
Let q(f) = -3*f**2 - 6850*f - 108810. Determine q(-16).
22
Let c(d) = -2813*d + 2804567. Determine c(997).
6
Let g(c) = 204*c + 30149. Calculate g(-148).
-43
Let p(n) = -24*n**3 + 1178*n**2 - 4413*n + 142. Determine p(45).
7
Let o(v) = -v**2 + 1560*v - 29126. Give o(19).
153
Let t(h) = h**3 + 144*h**2 + 140*h - 641. Calculate t(-143).
-212
Let p(a) = 42*a**2 - 251*a + 4. Determine p(6).
10
Let w(r) = 16160*r - 80559. What is w(5)?
241
Let i(m) = -4*m**2 - 104*m + 1038. Calculate i(-36).
-402
Let t(k) = k**3 + 12*k**2 + 3499*k + 34784. Calculate t(-10).
-6
Let a(s) = 21*s**2 - 421*s - 61482. What is a(-45)?
-12
Let q(s) = 102*s**2 + 48*s - 3398. Give q(-6).
-14
Let a(g) = -g**3 + 190*g**2 + 1794*g - 412. Give a(199).
185
Let m(h) = -6*h**2 + 1864*h + 2467. What is m(312)?
-29
Let s(o) = 180*o**2 - 1066*o - 150. Determine s(6).
-66
Let t(v) = -v**3 + 129*v**2 - 109*v - 2420. Determine t(128).
12
Let x(s) = -5*s**3 + 3*s**2 - 6799*s + 13583. What is x(2)?
-43
Let w(d) = 932*d + 8469. Calculate w(-9).
81
Let i(p) = -2*p**3 + 75*p**2 - 145*p + 1560. Calculate i(36).
228
Let m(u) = -52*u + 9581. Calculate m(187).
-143
Let y(q) = -19*q**3 - 176*q**2 + 27*q + 437. Give y(-9).
-211
Let v(h) = -212*h + 571. Calculate v(5).
-489
Let b(d) = -7394123*d + 44364733. Determine b(6).
-5
Let z(l) = 1042*l**3 + 177143*l**2 + 504*l - 1023. What is z(-170)?
-3
Let z(r) = -373*r + 2904. Give z(12).
-1572
Let v(r) = r**2 - 2496*r + 1033320. Determine v(524).
-8
Let g(z) = 93*z**2 + 3441*z - 155. Determine g(-37).
-155
Let v(j) = -9074*j + 254076. Calculate v(28).
4
Let w(m) = m**3 + 6005*m**2 + 179249*m - 39. Calculate w(-30).
-9
Let k(i) = -736*i + 616. Give k(2).
-856
Let m(u) = -5429*u - 24457. What is m(-5)?
2688
Let y(r) = -35*r**3 - 1365*r**2 - 36*r - 30. Calculate y(-39).
1374
Let t(u) = u**2 + 81*u + 1039. Determine t(-16).
-1
Let a(l) = l**2 + 20*l - 14069. Determine a(-130).
231
Let y(x) = -x**2 - 983*x - 77374. Give y(-86).
-232
Let b(g) = g**3 - 56*g**2 - 18*g - 359. Determine b(57).
1864
Let k(n) = 6*n**2 - 827*n + 7303. Calculate k(9).
346
Let v(l) = 2*l**3 - 18*l**2 - 57*l - 198. Give v(15).
1647
Let k(n) = 70*n**3 + 510*n**2 - 407*n - 27. What i